
Suppose -1300 + 268 = -28*z + 22*z. What is the greatest common factor of 3182 and z?
86
Let o be ((-11816)/126 + (-2)/9)/((-2)/89). What is the highest common factor of 89 and o?
89
Let m = 16 - -10. Let a = 369 + -382. Let r(w) = -4*w - 50. Let u be r(a). What is the highest common divisor of u and m?
2
Let x = 829 - 1402. Let n = -465 - x. Calculate the highest common divisor of 180 and n.
36
Let x be (52 - 42)*(-1)/(-1). Suppose -50 + 0 = -x*d. Calculate the greatest common factor of 35 and d.
5
Suppose -3*l = -11 - 1. Suppose -z = -l*z + 315. Suppose 0 = 73*q - 45*q - 1176. Calculate the highest common divisor of z and q.
21
Let m(k) be the first derivative of -k**4/4 - 10*k**3/3 - k**2/2 + 2*k + 59. Let b be m(-10). What is the greatest common factor of b and 60?
12
Suppose 2*h - 1429 = -w + 262, 0 = -5*h + 2*w + 4232. What is the highest common divisor of 188 and h?
94
Let f = -3849 - -3984. Calculate the greatest common divisor of f and 53595.
135
Suppose 0 = 14*d - 45 + 17. Let b(q) = 1 + 6 + 18*q**3 - 5*q - q**2 + 3. Let p be b(d). What is the highest common factor of p and 28?
28
Let m be 2/(-11) - 7320/(-88). Let i = -81 + m. Suppose 5*j = i*s + 217, -1 = -3*s + 11. What is the highest common factor of 225 and j?
45
Suppose -35 = 11*p - 101. Calculate the greatest common divisor of p and 105.
3
Let z(t) = 147*t**2 + 166*t + 3. Let r be z(6). What is the greatest common factor of r and 27?
27
Let k = -9694 + 9914. What is the greatest common divisor of 760 and k?
20
Let f = -5338 - -6273. Calculate the highest common factor of 340 and f.
85
Let y(w) = -w - 91. Let v(g) = g + 184. Let q(o) = 3*v(o) + 5*y(o). Let f be q(17). What is the greatest common factor of f and 18?
9
Let w(p) = 12*p + 3. Suppose -10*y + 22 = -28. Let d be w(y). What is the greatest common factor of 36 and d?
9
Let o = -21913 + 22265. What is the highest common factor of 132 and o?
44
Let w(g) = 60*g + 20. Let i be w(1). Let v be 52*1 + (7 - 11). Calculate the highest common factor of i and v.
16
Suppose -5*p - 16 = -6. Let i(v) = 30*v + 80. Let c be i(p). What is the highest common factor of 6 and c?
2
Let u be (-4)/(-58) - (-2302125)/(-3625). Let k = 644 + u. Suppose -g = -71 + 8. Calculate the greatest common factor of k and g.
9
Let y(t) = 40*t + 5. Let h be y(6). Let u = -155 - -176. Suppose 0 = -26*g + u*g + 175. What is the highest common factor of h and g?
35
Suppose 0 = -q - k + 275 - 273, 3*q - 22 = k. Calculate the highest common factor of q and 22.
2
Let p(r) = -r**3 + 12*r**2 + 14*r - 7. Let k be p(13). Let a be k/(540/(-10)) - (-559)/9. Calculate the highest common divisor of a and 31.
31
Suppose 3*g + 2 = r - 0, 4*r = -g - 18. Let f be (-22)/g + 6/(-3). Suppose -f*t + 196 = 5*t. What is the greatest common factor of t and 4?
2
Let g(u) = -u**3 + 30*u**2 - 23*u - 328. Let z be g(26). Calculate the greatest common divisor of z and 56.
14
Let u = 4455 - 3818. What is the highest common factor of u and 2457?
91
Let h be -2*(1 + -4)/6. Suppose 2 - 10 = -4*p. Suppose -9 = -p*m - h. Calculate the highest common divisor of 4 and m.
4
Let z = -3868 + 4594. Calculate the highest common factor of 594 and z.
66
Let a be -4*1*(-204)/16. Let z = -1168 + 442. Let b = z + 743. What is the greatest common divisor of a and b?
17
Let r = -2185 + 6281. Calculate the greatest common divisor of r and 32.
32
Let i(m) = 23 + 39 + 34 - 78 - 2*m. Let z be i(7). Suppose h + 30 = z*h. Calculate the greatest common divisor of 5 and h.
5
Suppose -4*n - n + 10 = 0. Let c = 651 + -629. What is the highest common factor of n and c?
2
Let s be (-8 + -2)/(3/(-111)*2). Suppose 2*n + 33 = -2*o + 105, -3 = 3*o. What is the greatest common divisor of n and s?
37
Suppose -2*k = -2*u - 882, 4*u - 700 = -3*k + 630. What is the greatest common divisor of 918 and k?
34
Let c be -3*((-208)/12 - -4). Suppose 3*y - 17 = c. Let z = y + -14. Calculate the greatest common factor of z and 20.
5
Suppose -5*x + 15 = -5*k, -13 = 2*k - 7. Suppose x = 7*v - 8*v - 49. Let w = -44 - v. What is the highest common divisor of 15 and w?
5
Let m = -411 - -899. Let t = m + -200. What is the highest common divisor of 9 and t?
9
Let a = 16390 - 16197. Calculate the highest common divisor of 18335 and a.
193
Let f(v) = -8*v + 25*v - 16*v - 2*v + 52. Let t be f(25). Calculate the greatest common divisor of t and 81.
27
Let c = 886 - 1448. Let l = -150 - c. Suppose 0 = -5*r + 2*s + 153 + 883, -2*r + 2*s = -l. Calculate the greatest common factor of 26 and r.
26
Let s = 41 - -1264. Calculate the highest common divisor of 1160 and s.
145
Let t = 663 - 429. Let g be 884/t + 2/9. Suppose -4*y + 87 = -5*f + 2*f, -g*y + 2*f + 82 = 0. What is the highest common factor of 18 and y?
18
Suppose 5*k - 47 = -3*p + 58, 15 = 3*p. Suppose 0 = -l - g + 85, 607*l + 3*g - 345 = 603*l. Calculate the highest common divisor of l and k.
18
Let o = -189 - -285. Let t(b) = -b**3 - 2*b**2 + 2*b + 7. Let j be t(-3). Let y be (-40)/6*(-18)/j. Calculate the greatest common factor of y and o.
12
Suppose 0 = 21*i + 5*i - 2366. Suppose -4*j + 11 = -17. Let p(d) = d**2 - 5*d - 1. Let v be p(j). What is the greatest common factor of i and v?
13
Suppose -21 = -2*i - 5*o, 5*o - 10 = i + 17. Let w be ((-133)/38)/(i/16). Calculate the highest common factor of 16 and w.
4
Let d = 4 + 0. Let v(f) = f**3 - f**2 - 3*f + 3. Let u be v(1). Suppose u = -4*x - 0*i + i + 66, -x = 4*i - 8. What is the greatest common divisor of x and d?
4
Suppose t = 3*r - 4, 2*r + t - 16 = -t. Let b = -861 + 874. Calculate the greatest common divisor of r and b.
1
Suppose 10*z - 12*z - 5*u + 571 = 0, -7*u = -z + 371. What is the highest common factor of z and 1551?
11
Let g(z) = -46*z - 1068. Let u be g(-25). Calculate the greatest common divisor of 10742 and u.
82
Let v be (-66)/(-16)*(-31 + 19)*-2. Let u = -93 + v. Let j be (-236)/(-24) - (-1)/u*1. What is the highest common factor of j and 5?
5
Let n = 456 + -796. Let d = 574 + n. Let z(j) = -28*j - 101. Let c be z(-5). What is the highest common factor of d and c?
39
Let l be (2 - 2 - 4)/(-2). Let x = -154 + 551. Let u = -375 + x. What is the highest common divisor of u and l?
2
Suppose 0 = -4*a + 5*r - 27, -6 = -2*a - 4*r - 0*r. Let b(n) = 10*n**2 - 4*n - 4. Let w be b(a). Let o = -62 + w. What is the highest common factor of 24 and o?
12
Let x = -12 + 33. Suppose 24 = -650*d + 651*d - l, -3*l = 3*d - 72. What is the highest common divisor of d and x?
3
Suppose 60 = 4*q + 24. Let s be 2/(-7) + 6*42731/(-182). Let w = s - -1418. Calculate the greatest common divisor of w and q.
9
Let b = 266 - 156. Let p be (-2)/(-6) + ((-100)/12 - -8). Suppose p = 7*o - 5*o - b. What is the greatest common factor of 33 and o?
11
Let r(n) = n**3 - 40*n**2 + n + 51. Let l be r(40). Suppose 5*t + 3*d - l = 369, 0 = 5*d. What is the greatest common divisor of t and 92?
92
Let o be -1*-2*(-5)/(-1). Suppose 2543*c = 2567*c - 96. Calculate the highest common divisor of c and o.
2
Let x be (33 - 3) + 0/(-1). Let d(f) = -f**2 + f + 10. Let i be d(3). Suppose i*j = -5*j + 675. What is the greatest common divisor of j and x?
15
Let g(v) = 10*v. Let p be g(8). Suppose -4*t = t - p. Let i(f) = 2*f**2 - 24*f + 24. Let y be i(11). Calculate the greatest common divisor of t and y.
2
Let m(n) = -n**3 - 10*n**2 - 49*n - 8. Suppose -5 = 4*d + 3*g, d + 4*d = 3*g - 40. Let k be m(d). What is the greatest common factor of k and 8?
8
Let n be (-1267)/42*(6 - 12). What is the highest common divisor of n and 181?
181
Let h = -2397 + 2404. Calculate the greatest common factor of 6503 and h.
7
Let a = 649 - 622. Suppose 0 = 20*b - a*b + 1736. Calculate the greatest common factor of b and 16.
8
Let z = 229 + -157. Let p = z + 87. Calculate the greatest common factor of 53 and p.
53
Suppose -6*s = -7*s + q + 48, -4*s + 2*q = -188. What is the greatest common factor of s and 1495?
23
Suppose 3*r + 251 = 275. Suppose r*k + 16 - 736 = 0. Calculate the greatest common factor of k and 50.
10
Suppose 11*y - 5*y = 12. Let m be -2*3/6 + 16. Suppose y*x = m + 7. Calculate the highest common divisor of x and 121.
11
Let x be (360240/(-84))/19*1*(-21)/6. Calculate the greatest common factor of 3002 and x.
158
Let t = -44911 + 45614. Calculate the highest common factor of 